
True
Let v be (2 - (-3 - -5))/(-1). Suppose v = -s + 4 + 45. Is s composite?
True
Suppose -2*d = -z + 70, 5 = 3*d - 7. Suppose z = u + 2*u. Is u prime?
False
Suppose 2*q - v - 1128 = 0, 2*q - 5*q + 1699 = 2*v. Is q a prime number?
False
Let t be 19 + (3 - 5 - -3). Is t/70 - (-607)/7 prime?
False
Suppose 0 = 4*d + 18 - 6. Let g be (-80)/d - 2/(-6). Let q = g + -12. Is q a composite number?
True
Suppose 61 = -a + 558. Is a prime?
False
Suppose 3*o - 673 = 584. Is o a composite number?
False
Suppose 5*u = -78 + 503. Let q be 0/(-3) - (-3 + 1). Let y = q + u. Is y a composite number?
True
Let n = 732 - 479. Is n composite?
True
Let u = 17 - 12. Suppose -906 = -u*m - 101. Is m prime?
False
Suppose u + 435 = 4*u. Is u a prime number?
False
Suppose -240 - 187 = -d. Is d composite?
True
Suppose 261*h - 266*h + 4295 = 0. Is h prime?
True
Let z(w) = 51*w**2 - 5*w - 13. Is z(-7) composite?
False
Is (889/3)/(11/33) a composite number?
True
Suppose -5*g + 8*g = 3531. Is g a composite number?
True
Let u(p) be the third derivative of -p**4/12 + p**3/2 + 2*p**2. Is u(-6) prime?
False
Suppose -58 = o + 3*f - 278, -4*o - 3*f + 889 = 0. Suppose 4*q = o + 429. Is q prime?
True
Suppose 5*i - 79 = 41. Suppose -i = 5*p + 611. Is (6 - 2)*p/(-4) a composite number?
False
Suppose 0 = 2*w - 3*a - 112, -2*w - 3*a + 32 = -92. Is w a composite number?
False
Let a be (6/4)/((-12)/(-16)). Suppose 4*c = -a*j + 132, 99 = 3*c - 0*j - 4*j. Is 6/c - 4317/(-33) a prime number?
True
Is (13 + -11)/(4/1066) composite?
True
Let d be (0 + 0)*2/4. Suppose d*c + 57 = 3*c. Is c a prime number?
True
Suppose -4*w + 2*w + 3*x - 8 = 0, -4*w + 28 = 5*x. Let h be 7*w*2/(-4). Let i(g) = -g**3 - 6*g**2 - g - 1. Is i(h) a composite number?
True
Let d be (3 + 9)/((-3)/(-2)). Suppose 4*j + u - 8 = 3*u, -2*u + d = 0. Suppose j*r - 30 - 10 = 0. Is r a prime number?
False
Let k(t) = -t**3 + 5*t**2 + 6*t + 3. Let l be k(6). Suppose -v - 116 = -l*v. Is v prime?
False
Suppose -4*x + 5 = -3. Let t(r) = 2*r - 7*r + 6 - x + 2*r**3 - 6*r**2. Is t(5) prime?
True
Let z(b) = 2*b + 4. Let d be z(13). Let p = -37 + 86. Let u = d + p. Is u prime?
True
Let n be ((0 - 0) + -1)*-17. Let a(p) = 5*p - 7. Let q be a(7). Let v = q - n. Is v composite?
False
Suppose 5*m + 39 + 6 = 0. Let g(p) = 2*p**2 + 3*p - 6. Is g(m) prime?
False
Let v(w) be the third derivative of 1/60*w**5 + 0*w - 2*w**2 - 1/12*w**4 + 0 - 5/3*w**3. Is v(11) prime?
True
Is (-1)/3 + (50384/12)/2 prime?
True
Let r(i) be the second derivative of -i**5/5 - i**4/6 + i**3/3 - i. Let n be r(-2). Is 1*(n - (-2 + 3)) composite?
False
Is ((12809 + 3)/4)/1 a prime number?
True
Suppose -2*b + 20 = 2*b. Suppose 24 = -b*n - 171. Let a = 196 + n. Is a a prime number?
True
Suppose z + z = 74. Is z prime?
True
Is 955/((-5 - -5) + 1) prime?
False
Let o = -3225 - -4662. Is o a composite number?
True
Suppose 4*r = -0*r + z - 17, 5*z - 1 = -r. Let c be 7/4 + (-1)/r. Is c/10 - (-104)/5 composite?
True
Let z(t) = 2*t + 23*t**2 + 1 + 2*t - 3*t. Is z(-1) prime?
True
Let k be (296/(-5))/(3/(-30)). Suppose 5*f = d + k, 0*f + 3*d = f - 124. Is f prime?
False
Let j = 1107 + -628. Is j a prime number?
True
Let d(v) = -3*v + 1. Let q be d(-1). Suppose -4*y + 8 + q = 0. Suppose -2*k - 15 = -y*k. Is k composite?
True
Let v(z) = z**2 + 17*z + 20. Let t be v(-16). Suppose -t*m + 2181 = 593. Is m a composite number?
False
Let n(q) = 73*q + 21. Is n(10) a prime number?
True
Let q be 6/24 - (-182)/8. Suppose -2*i + i = -q. Is i prime?
True
Let d = 512 + -181. Is d composite?
False
Is (-226)/(-2)*-1*-1 composite?
False
Let d be (-3)/(-2)*8/6. Suppose -5*f = 4*x - 30, d*x - 6 - 18 = -4*f. Suppose -3*o + f*o - 111 = 0. Is o composite?
False
Suppose -3*d + 4*d = 4*p - 79, 3*d = -3*p + 48. Is p composite?
False
Let j(g) = -33*g**2 - 2*g. Let d be j(2). Let v be 14/4*d/(-4). Suppose -3*t + 12 = 0, -5*p - 2*t - 41 = -v. Is p a composite number?
True
Let x(q) = q**3 + 16*q**2 - q - 5. Is x(-11) prime?
False
Let q(y) = y - 1. Suppose 0*t - 128 = -4*t - 4*b, -t - 4*b = -47. Let z = t - 19. Is q(z) prime?
True
Let z(v) = -v**3 + 7*v**2 - 6*v + 6. Let a be z(6). Suppose -d - a = -2*d. Is d a prime number?
False
Let j(d) = -2*d - 10. Let y be j(-8). Let u(q) = q**2 - 5*q - 1. Let o be u(y). Suppose -o*s = -4*s - 33. Is s a prime number?
False
Suppose -3*l = -5*i + 2 - 8, 0 = -2*l + 3*i + 4. Suppose 2*s = -z + 3*s + 120, -l*s + 335 = 3*z. Is z a prime number?
False
Let v(o) = -2*o**3 + 2*o + 1. Let g be v(-1). Let j be -1 - 1 - (-1)/1. Is (j - (0 + -20))/g prime?
True
Let p(n) = -6*n + 5*n - 17*n**3 - 3 - 2*n. Is p(-2) prime?
True
Suppose 2*p = 8, q - 5*p + 2*p = -10. Suppose 0 = -q*j - 5*c + 57, 5*j - 23 = 3*c + 73. Is j composite?
True
Let r(g) = g**2 - 7*g + 3. Let s be r(7). Suppose -5*x = -27 - s. Suppose -2*a - 76 = -x*a. Is a a composite number?
False
Let s be ((-6)/(-6))/(2/62). Suppose f - 4*q = 189, 5*q - 704 - s = -4*f. Is f prime?
False
Let z = 2628 + 1763. Is z prime?
True
Let b(u) = 5*u**2 + 20*u + 4. Is b(-11) a prime number?
True
Let o = 391 + -272. Is o a prime number?
False
Suppose 0 = -m - 4*s + 197, 0*s - s + 1023 = 5*m. Is m composite?
True
Let c(h) = h**2 + 2*h. Let k be c(-3). Suppose -b + 5 = -5*y - 0, k*b = 15. Suppose y = 3*a - 2*a - 2*f - 57, 0 = -2*a - 5*f + 105. Is a prime?
False
Suppose 5*z = 6*t - 4*t - 426, 0 = 3*t - 3*z - 648. Let w = t - 154. Let p = 89 - w. Is p a prime number?
False
Let h = 43 - 109. Let b be (0 - -1)/(2/(-38)). Let i = b - h. Is i a composite number?
False
Let q(x) = 1 - 3*x - 1 - x**2. Let i be q(-2). Is -42*i/(4/(-1)) a composite number?
True
Let l = 138 - -17. Is l a composite number?
True
Suppose -5*f = 5, 4*o + 10 = -4*f + 2*f. Let t(m) = -9*m**3 + m**2 - 2*m - 1. Is t(o) prime?
True
Let x(f) = -f**3 + 7*f**2 - 2*f - 3. Let h be (-1 - -3)/(2/16). Suppose 5*l = -2*b + h + 15, 4*l - 11 = 3*b. Is x(l) a composite number?
False
Suppose 5 + 2 = p. Suppose p*s = 12*s - 2265. Is s composite?
True
Suppose 5*a + 3*p = 310, 0 = 2*a + 2*a + 2*p - 246. Let t = a - 36. Is t a composite number?
False
Let t(o) = 27*o - 1. Let c be t(5). Suppose -3*v + v + c = 0. Is v a prime number?
True
Let c(m) = -228*m - 13. Is c(-8) a prime number?
True
Let n(u) = 2*u + 2*u + 1 - 4 - 3*u. Let r be n(3). Suppose r*j = 2*j - 42. Is j prime?
False
Let z(g) = g - 1. Let c be z(4). Suppose 0 = c*q + 47 + 64. Is q/(2/(-2)) - 2 a composite number?
True
Suppose 5*q - 8*q = -102. Is q a composite number?
True
Let g(q) = -q**3 - 3*q**2 + 4*q + 5. Is g(-5) prime?
False
Let h = -16 + -41. Let q = h + 154. Is q a composite number?
False
Suppose 2*p = 4*z + 3886, 0*z - 5841 = -3*p + 2*z. Is p a composite number?
False
Let o(f) = 855*f - 28. Is o(3) composite?
True
Let q = -459 + 718. Is q composite?
True
Suppose -3*t + t - 12 = 5*d, 0 = -5*d + 20. Let r(m) = -m**3 - 16*m**2 - 7*m + 9. Is r(t) a prime number?
False
Suppose 0*x - 12 = -3*x. Suppose x*h - 7*h - 18 = 3*c, 0 = -4*c + h - 19. Is (c/(-2))/(3/42) a prime number?
False
Let t = -9 - -10. Is (0 + 1)*367*t prime?
True
Let q = -63 + 158. Let c be -2 + 1 + 41 + 0. Let m = q - c. Is m composite?
True
Suppose g - 3*k - 25 - 17 = 0, -3*k = 2*g - 57. Suppose 3*i = g - 3. Is i prime?
False
Suppose -3*y + 250 = 4*s - 116, -2*s - 5*y + 176 = 0. Let i = -42 + s. Is i a prime number?
False
Suppose -2*v + 3*i = 36, -4*i - 4 = 2*v + i. Let y be (v/20)/(1/(-5)). Suppose t + 62 = y*t. Is t a composite number?
False
Let f(i) = 142*i - 6. Let g be f(9). Suppose 4*o = -0*o + g. Suppose -4*r + 173 + o = 3*u, -2*u = 3*r - 367. Is r composite?
True
Let h(p) = 2*p + p**3 + 0*p + 4 + p - 3. Is h(4) a prime number?
False
Let f = -13 + -127. Is (f/8)/((-1)/2) a composite number?
True
Let f(d) = 7*d + 0*d + 2 + 2 + 4*d. Suppose -5 = -n - 2. Is f(n) composite?
False
Suppose b - 2*w - 6 = -2*b, 2*w - 26 = -5*b. Suppose b*p + 48 = 132. Is p prime?
False
Suppose f - 3984 = 5*m, 3*f + 5966 = 4*m + 17973. Is f a prime number?
False
Let q(y) = -y**3 - 7*y**2 + 8*y + 2. Let f be q(-8). Is 212/f + (1 - -2) a composite number?
False
Suppose -37 = -2*r - 11. Let b = r - -9. Is 32/6 - b/(-33) a prime number?
False
Let p(i) = 13*i + 7*i - i**3 + 6 + 6 + 1 - 11*i**2. Is p(-13) prime?
False
Let i(k) = -75*k - 2 - 3 + 16*k. Is i(-2) prime?
True
Let c(x) = 94*x**2 + 1